hat is the remainder when u is divided by l?
0
Suppose 4*u - 5 = -2*m + 3, 4*u - 36 = 5*m. Let q(y) = 9*y - 78. What is the remainder when q(20) is divided by (-384)/(-15) - u/(-10)?
24
Let f = -45 + 67. Suppose -5*w - 655 = -5*d, 3*w = -5*d + 633 - 2. Suppose m + 10 = -4*m, -2*y + m = -d. Calculate the remainder when y is divided by f.
19
Suppose -10*n + n = -52*n + 731. Let w be 2/7 + 205/(-7). Let o = 19 - w. What is the remainder when o is divided by n?
14
Suppose -4*w = -5*t - 725, 7*t - 6*t = 2*w - 361. Calculate the remainder when w is divided by 26.
24
Suppose 0 = -a - 2*n + 9, -2*a + 4*n + 32 = n. Suppose -23*f + 280 = -21*f. Calculate the remainder when f is divided by a.
10
Let p be (-2)/6 + 65/15. Suppose -5*h + h = 2*o - p, -5*o - 10 = 0. Suppose 0 = -h*d - 5 + 3, 5*d - 7 = -k. What is the remainder when k is divided by 5?
2
Suppose 0 = -3*b + m - 37, 3 - 20 = 3*b - 5*m. Let j = 25 - b. Calculate the remainder when j is divided by 20.
19
Let g(r) = r**2 - 20*r - 22. Let d be g(21). Let k = 43 - 30. Calculate the remainder when 1*57*(8/(-12))/d is divided by k.
12
Suppose -3*t - 564 = 3*t. Let j = 145 + t. Calculate the remainder when j is divided by 18.
15
Let x(c) = c**2 - 7*c + 9. Let h be x(6). Suppose 4*j + h - 16 = m, -3 = j + m. Suppose -j*b + 17 = -5. Calculate the remainder when b is divided by 6.
5
Let n = -62 + 89. Let s be (-18)/n + 16/6. Suppose 0 = 5*h + 4*q - 49, 2*h - 21 = h + s*q. What is the remainder when 23 is divided by h?
10
Let p(i) = i**3 + 46*i**2 + 87*i - 28. Calculate the remainder when 303 is divided by p(-44).
15
What is the remainder when 461 is divided by (22/(-4))/(43/(-602))?
76
Suppose 0 = -82*k + 74*k + 1120. What is the remainder when k is divided by 47?
46
Suppose -2*b = 5*v - 48, -4*b = 2*v + 3*v - 46. Let t = 1 + v. Suppose -4*j = -4*w - 16, 5*j = 3*j + 5*w + t. Calculate the remainder when 14 is divided by j.
2
Suppose -2*u = -t + 174, 0*t - 3*u = -3*t + 513. Calculate the remainder when t is divided by 155.
13
Suppose -f = -0 + 6, -g - 2*f = -8. Calculate the remainder when (-1077)/(-21) + (-2)/7 is divided by g.
11
Let f = -108 - -203. Calculate the remainder when f is divided by 4*((-11)/(-77))/((-6)/(-147)).
11
Suppose 5*b + 32 = 107. What is the remainder when b is divided by 7?
1
Let p = 373 - 314. Calculate the remainder when p is divided by 40.
19
Let x = -84 - -92. What is the remainder when 22 is divided by x?
6
Suppose 0 = -k - 35 + 37. Suppose 5*t = -k*t + 287. Calculate the remainder when t is divided by 25.
16
Suppose -q - 5 + 2 = 0. Let n be 9 - (q - (-4 + 1)). Suppose 5*d - 44 = -z, -3*z - n = -2*d + 12. What is the remainder when d is divided by 4?
1
Suppose 4*f + l + 16 = 115, 4*l + 108 = 5*f. Let a be (-15)/(-9) + 1/3. Suppose -q - a*q = -f. What is the remainder when 14 is divided by q?
6
Suppose -4*v - 2*v = -138. Suppose 21*a + 44 = v*a. What is the remainder when 107 is divided by a?
19
Let c be 3 + (-1 - 2 - 0). Suppose -p + 4*p + 24 = c. Let m(q) = -5*q - 8. Calculate the remainder when m(p) is divided by 17.
15
Let x = -4 - -10. Suppose 4*y + 15 = 9*y. Suppose -2*z = -y*d + 5, 6*z - 2*z = 3*d - 1. What is the remainder when x is divided by z?
0
Let l = -1124 + 1229. Calculate the remainder when l is divided by 27.
24
Let f = -990 - -999. Let t(b) be the first derivative of -b**4/4 + 5*b**3/3 - b**2 - 2*b - 1. Calculate the remainder when f is divided by t(2).
3
Suppose -5*x - 1 - 19 = 0, 3*b + 3*x - 456 = 0. Calculate the remainder when b is divided by 48.
12
Suppose -5*j + 10 = -b - j, 0 = -5*b - 4*j + 22. Suppose v + 3*x = 4, -b*x + 5 = 3*v - 7. Calculate the remainder when v is divided by 2.
0
Let v(n) = -n**2 + 8*n - 10. Let c(w) = -w**2 + w. Let t(z) = -5*c(z) + v(z). What is the remainder when t(3) is divided by 12?
11
Suppose -2*j + 8 = 2*j - 5*n, 0 = -3*j - 5*n + 6. Suppose 0*r - r - 13 = 2*p, j*r = -6. Let h = p + 18. Calculate the remainder when 62 is divided by h.
10
Let u be (2/5)/(15380/(-5125) + 3). What is the remainder when 10/(-2)*u/25 is divided by 28?
26
Let j(v) = -v**3 + 5*v**2 - 3*v - 6. Let x be j(4). Calculate the remainder when 3 is divided by ((-18)/36)/(x/4).
0
Let z = -32 + 47. Let f(q) = 4*q**2 + 3*q + 6. Calculate the remainder when f(-4) is divided by z.
13
Let c = -1 + 4. Let w = 178 - 169. Calculate the remainder when w is divided by 0/(1 + 1) + c.
0
Let q(r) = -r**3 + 6*r**2 + r. Let u be q(6). What is the remainder when 80 is divided by (42/9)/(1/u)?
24
Let d(q) = -q**3 + 7*q**2 + 7*q + 5. Let u be d(8). Calculate the remainder when (-996)/(-16) - u/4 is divided by 1/((6/32)/3).
15
Let l be 97 + 15/(5 + 0). Suppose 5*a - 450 = -5*t, 5*t + l = -3*a + 540. What is the remainder when t is divided by 22?
19
Let f(k) = 2*k**2 + 4*k - 3. Suppose 5*l + 34*u - 37*u = 123, 0 = -2*l + u + 49. What is the remainder when f(6) is divided by l?
21
Let v(m) = 2*m - m**3 + 4 - 5 + 5 - m**2. Let n be v(0). Let r = 30 - n. What is the remainder when 101 is divided by r?
23
Suppose -3*x + 103 = b, 5*b + 94 = x + 545. Calculate the remainder when b is divided by 27.
10
Let s = 35 + -30. Suppose 3*t - h = 14, 41 - 11 = 5*t + s*h. Calculate the remainder when 8 is divided by t.
3
Suppose -1929*r + 1938*r = 666. What is the remainder when r is divided by 15?
14
Let c(x) = 4*x + 27. What is the remainder when 11 is divided by c(-5)?
4
Suppose -j - m + 6 = 0, 0 = m - 32 + 27. Suppose 4*q + 8 = -4. Let l(o) = -2*o - 4. Calculate the remainder when l(q) is divided by j.
0
Suppose 20 = 5*q - 0. Suppose 7*h = 3*g + 3*h - 2, 0 = -4*g + q*h + 4. Suppose g*m = 19 + 7. What is the remainder when 64 is divided by m?
12
Suppose 3*u - t = -1, -t = 5*u + 4*t - 5. Suppose 2*j - 3*r = 14, u = -3*r - 1 - 11. Calculate the remainder when 31 is divided by j/1*(-4 - -20).
15
Let q = -64 - -126. Let w = -6 - -9. Suppose -m = -2*y - y - 7, -3*y + 57 = w*m. Calculate the remainder when q is divided by m.
14
Suppose -27 = -4*a - 3. Let v(j) = 10*j + 4. What is the remainder when v(7) is divided by 9*(10/a)/1?
14
Let q = 10 + 23. Let j be 3/9 - 152/6. Let a = j - -37. Calculate the remainder when q is divided by a.
9
Suppose -g - c = -31, -3*g + 97 = c - 0*c. Suppose -g = 3*f - 2*q - 93, q = 3*f - 57. Calculate the remainder when f is divided by 1/(1/(-2)) - -12.
8
Suppose 5*g - 143 = -2*h + 119, g - 655 = -5*h. Let v = -223 - -256. Calculate the remainder when h is divided by v.
32
Suppose -9*b + 1014 + 120 = 0. Calculate the remainder when b is divided by 47.
32
Calculate the remainder when 55 is divided by (-1)/(-2)*(-22 + 64).
13
Suppose -108 - 444 = -6*g. Let r = 135 - g. What is the remainder when r is divided by 16?
11
Let v = 1 - -12. What is the remainder when -342 + 408 + 4*(1 + -2) is divided by v?
10
What is the remainder when (-108)/(-135)*2445/6 is divided by 151?
24
Let f = -1129 + 1156. What is the remainder when 99 is divided by f?
18
Let r(n) = 13*n**2 - 16*n - 6. Calculate the remainder when r(7) is divided by 18.
15
Let l = 28 - 10. What is the remainder when l is divided by 5?
3
Suppose 101 = 3*c + 71. Calculate the remainder when 191 is divided by c.
1
Let a = -108 - -179. Calculate the remainder when 1489 is divided by a.
69
Suppose 3*o - 3*j + j = 5, o - 10 = -j. Suppose -o*a + 62 = -28. Calculate the remainder when 71 is divided by a.
17
Let d = 27 - 25. What is the remainder when 392/40 + d/10 is divided by 3?
1
Suppose -3 = -2*b - 5*h, -1 - 6 = -3*b - 5*h. Calculate the remainder when 50 is divided by 12/16*b + 23.
24
Suppose 1004 = -6*w + 140. Let k = w - -224. What is the remainder when k is divided by 28?
24
Suppose 10*r - 15*r + 35 = 0. Suppose r - 31 = -l - 5*v, 79 = 4*l + 3*v. What is the remainder when 62 is divided by l?
5
Suppose 0 = 6*a + 3*a - 6462. What is the remainder when a is divided by 48?
46
Let l = 465 + -434. What is the remainder when 495 is divided by l?
30
Suppose 0 = -4*a, 5*l - 5*a + 6 = 21. Suppose 0 = 2*k + 3*k + 2*f - 62, -2*f + 34 = l*k. Let b = 15 + 39. Calculate the remainder when b is divided by k.
12
What is the remainder when (-149)/(-3) - 1/(-3) is divided by (-3*(-78)/(-72))/(2/(-8))?
11
Suppose -5*n = x - 2*n - 12, n = -x + 2. Let l(g) = -5*g + 8. What is the remainder when l(-4) is divided by 11 + (-1)/(-2 - x)